-7
Let i(x) be the first derivative of -7*x**2 - 418. Determine i(1).
-14
Let g(r) = r + 2. Let z be g(4). Suppose 2*t = -t - z. Let b(c) = 33 - 127 + 3*c**2 + 26 + 4*c + 30 + 40. Give b(t).
6
Let a(y) = -y + 11. Suppose 6*v + 8*v - 128 = -2*v. Calculate a(v).
3
Let s be (115 - 125) + 1 + -10 + 6. Let d(j) = j**2 - 5*j - 12 - 9*j - 2*j**2. What is d(s)?
1
Let n be (4/3)/((-22)/(-33)). Suppose n*r = 4*o + 10 + 4, 4*r - 8 = 4*o. Let q be -12 - (-2 - 5 - r). Let t(x) = x**2 + 8*x - 2. Determine t(q).
-2
Let w = 0 - -23. Suppose -24 - w = -a. Let k = a + -43. Let m(f) = -2*f + 1. What is m(k)?
-7
Let l(k) = -7*k + 1. Let x(a) = a**2 + a - 3. Let f(u) = l(u) - x(u). Give f(-9).
-5
Let w(u) = 206739 + u - 206739 + u**2 - u**3. Let m be 14/(-8) - 18/(-24). Determine w(m).
1
Let s(u) = u**3 + u**2 + u + 10. Let f(q) = -48*q - 31. Let a be f(7). Let d = -367 - a. Give s(d).
10
Let x(p) = -9*p**2 - 17*p - 18. Let u(y) = 25*y**2 + 49*y + 52. Let v(r) = -4*u(r) - 11*x(r). Let k(i) = -8*i**2 - 26*i + 26. Let b be k(1). Calculate v(b).
-2
Let q(g) = 13851*g**2 + g**3 - 13856*g**2 + 9 - 2*g + 7. Give q(5).
6
Let m(o) = -11*o**3 - 40*o**2 + 29*o - 33. Let c(b) = -8*b**3 - 27*b**2 + 19*b - 21. Let n(i) = 7*c(i) - 5*m(i). Calculate n(10).
-2
Let b = 435 + -788. Let s = b + 353. Let f(t) = -t**2 + t + 7. Calculate f(s).
7
Let x(m) = -2*m + 5. Let f(g) = 3*g - 4. Let d(k) = 3*f(k) + 4*x(k). Suppose -3*w - 7 = -52. Let j(q) = -2*q + 24. Let o be j(w). Calculate d(o).
2
Let u(l) = -45*l + 387. Let z(j) = -13*j + 124. Let n(m) = -3*u(m) + 10*z(m). Give n(-10).
29
Let a(d) = -12*d + 102. Suppose -5*j = -2*c + 43, 6*c - 4*j = 7*c + 11. Let r be a(c). Let q(l) = l**3 + 5*l**2 - 6*l + 4. What is q(r)?
4
Let m(o) = -266*o + 449. Let x(d) = 43*d - 75. Let q(f) = -6*m(f) - 37*x(f). Calculate q(-17).
-4
Let o be 0 + (5/2)/((-3)/(-6)). Let w(i) = -i**3 + 5*i**2 + 8*i. What is w(o)?
40
Let v(c) = c + 3. Suppose -3*i - t + 11 - 1 = 0, -3*i - 3*t = -6. Let m be ((-14)/35)/(i/80). Determine v(m).
-5
Let q(y) be the second derivative of -y**4/12 + y**3/2 + 40*y**2 + 2379*y. Give q(-8).
-8
Let j(b) = -5*b**3 + 13*b**2 + 6*b - 38. Let k(y) = 13*y**3 - 27*y**2 - 12*y + 78. Let p(o) = -5*j(o) - 2*k(o). Give p(-8).
-110
Let l(k) = 2*k**3 - 3*k**2 + k. Let w = 113 - 62. Let p = 90 - w. Let v = -37 + p. What is l(v)?
6
Let q(c) = -104*c - 192. Let p be q(6). Let l = -823 - p. Let g(h) = h**3 + 9*h**2 + 9*h - 1. Calculate g(l).
34
Let t(k) = -7*k - 58. Let i be t(-8). Let b(y) = -y**2 - 2*y - 3. Determine b(i).
-3
Let u be (0/1)/((8 - 7)*(-3 + 1)). Let z(o) = -o**3 - 2*o**2 - o + 2. Calculate z(u).
2
Let d(c) = c**2 - 9*c + 5. Let t be 2 + (-5)/4 - (-215)/(-4). Let o = t + 60. Calculate d(o).
-9
Suppose c = -t - 41, -52 = 24*c - 22*c - 4*t. Let k be c/(-189)*-39 + 8/(-14). Let x(f) = f**2 + 9*f - 2. Calculate x(k).
-10
Let s be (-464)/87*(-2 - 13/4). Let i(t) = -29 + 14 + 5*t + t + s - 3*t. Calculate i(-6).
-5
Let x(r) = r**3 - r**2 - 1. Suppose a - l - 4 = 0, 7*a - 4*a = -5*l + 20. Let f(w) = 4*w**3 - 13*w**2 + 9*w + 2. Let v(o) = a*x(o) - f(o). Give v(-9).
-7
Suppose 13*j = -58 + 448. Suppose -54 = -4*z - j. Let a(l) = l**2 - 7*l + 7. What is a(z)?
1
Let t(p) = p**2 - 13*p + 3. Suppose 44*s + 46 - 706 = 0. What is t(s)?
33
Let q be (9/(-4))/(3/(-12)). Let a(i) be the third derivative of 0 - 1/24*i**4 + 2*i**3 - 3*i**2 + 0*i. What is a(q)?
3
Let w(b) = -13*b - 11*b + 40*b - 13*b - 9*b - 1. What is w(-3)?
17
Let n(p) = 2*p - 4. Let q(y) = -y + 21. Let d be q(5). Let h(z) = -z**2 + 16*z - 8. Let x be h(d). Determine n(x).
-20
Let k(h) = 5*h**2 - 1293*h + 1294*h - 4*h**2 - 59. Determine k(-9).
13
Let s = 9 + -10. Let i be -21*(s + (-10)/(-6) + -1). Let m(q) = -q**2 + i + 8*q + q**2 + 2*q**2 - q**2. Give m(-5).
-8
Let t(m) = 2*m**2 - 29*m + 2. Let l(i) = -6*i**2 + 59*i + 2. Let b(a) = -2*l(a) - 5*t(a). Give b(-14).
0
Let c be (-2)/9 + 40/18. Suppose 0 = -c*p + v + 10, 3*p - 8 - 8 = 2*v. Let n(t) = 0*t**2 - p*t + 22 - 2*t**2 - 16 - 8. What is n(-2)?
-2
Let q(l) = 264*l - 808*l - 33 + 272*l + 264*l - 50. Calculate q(-11).
5
Let l(f) be the third derivative of f**6/120 + f**5/15 - f**4/24 + 7*f**3/2 - 24*f**2 - 51. Calculate l(-5).
1
Let u(s) = s - 5. Suppose -2*b = 2*a + 116, 3*b + 17 = -2*a - 102. Let g be 36/(-10) + (517/a - -9). Determine u(g).
-9
Suppose b = 5, c - 5*b + 18 + 1 = 0. Suppose 0 = 3*q - 15, -3*z + 4*q - c - 5 = 0. Let g(i) = 304*i**2 - 7*i + 10 - z - 303*i**2 + 0. Calculate g(6).
1
Suppose 0 = -b + l + 2, 4*l - 19 = -5*b - 0*l. Let q(n) = -3*n + 4*n**3 - 6*n**3 + b + n**3 + 2*n**2 + n**2. Calculate q(2).
1
Let y(r) = r**2 + 14*r + 2. Let o be y(-14). Suppose -o*n + 48 = 38. Suppose n*h - 24 = -5*a + 1, -5*h - a = -37. Let u(t) = t**2 - 8*t + 9. Give u(h).
9
Let r(h) = h - 2. Let p(z) = -z**2 + 15*z + 7. Let l be 4/(-10) + (51/15 - -2). Suppose 0 = l*i + w + 3*w - 75, -15 = -i + w. Let m be p(i). Calculate r(m).
5
Suppose 27*v = 7638 - 7260. Let f(r) = r**3 + 13*r**2 + 16*r - 2. Let n(t) = -t**3 - t + 1. Let y(h) = f(h) + 2*n(h). Determine y(v).
0
Let v(t) = 0 + 12 - 10 - 1. Let b(g) be the second derivative of g**4/4 + 2*g**3/3 + 7*g**2/2 - 2*g. Let u(r) = b(r) - 5*v(r). Determine u(-2).
6
Let r(s) = 5*s**2 + 39*s - 99. Let w(k) = -8*k**2 - 48*k + 99. Let d(u) = -3*r(u) - 2*w(u). Give d(16).
19
Suppose 5*o = 116256 - 116196. Let u(y) = -4*y + 22. Give u(o).
-26
Let b(x) = 8*x - 5. Suppose 0 = 2*s - 0*s + 4*y - 8, -3*s = 3*y - 12. Suppose -g - 2*c - 6 = -0*g, -10 = 3*g + s*c. What is b(g)?
11
Suppose 4*n = 6*n + 322. Let s = n + 362. Let k(a) = s*a - 1 - 401*a + 202*a. Calculate k(-3).
-7
Let f(x) = 9*x**2 - 30*x - 163. Let z(d) = -23*d**2 + 59*d + 327. Let o(y) = -5*f(y) - 2*z(y). Give o(-7).
-14
Let p(t) be the third derivative of -t**6/120 - 2*t**5/15 - 3*t**4/8 - 5*t**3/2 - t**2 + 6535*t. Give p(-7).
-1
Let n(z) = z**3 - 10*z**2 + 20*z + 19. Let r be n(7). Let g(v) = 43 - 28 - 13*v**2 - 20 + v + r*v**2. Calculate g(6).
-35
Suppose 0 = 3*m + a + a - 84, -3*m + 4*a + 84 = 0. Let r(h) = m - 17 - 5 - 6*h. Calculate r(1).
0
Suppose -5*g - 4 - 16 = 0. Let c(s) = -6*s - 3. Let t(a) = a + 1. Let y(o) = g*t(o) - c(o). Suppose 0 = 7*u + u - 64. Determine y(u).
15
Let u(w) = -2*w**3 - 5*w**2 + 9*w - 5. Let s(c) = c**3 + 3*c**2 - 4*c + 3. Let q(m) = -5*s(m) - 2*u(m). What is q(-4)?
-29
Let y(l) = l - 2. Let p(c) = 4*c + 6. Let z be (-6 - -6)/((-10)/(-5)). Let k be p(z). Determine y(k).
4
Let w(x) be the second derivative of 2*x**3 - 77*x**2/2 - x - 537. Calculate w(6).
-5
Let m(l) = -l**3 + 22*l**2 + 10*l - 228. Let q be (352/136)/(30/255). What is m(q)?
-8
Let k(o) = -5*o**2 + 4*o + 2*o**3 - o + 0*o - 3. Let q be (8 + 48/(-5))*-5. Let v(f) = -6*f**3 + 14*f**2 - 9*f + 8. Let p(z) = q*k(z) + 3*v(z). Calculate p(2).
-14
Let m(a) = -3*a + 11. Let s(b) = -16*b + 63. Let p(f) = -5*m(f) + s(f). Let t = -2 + 13. Give p(t).
-3
Let f(b) = 9 + b**2 - 10 - 3*b + 3*b + b. Let y = -11555 + 11551. Determine f(y).
11
Suppose 0 = -i - 5*r + 23, i + 6*r - 2*r - 20 = 0. Let a be -4*(i/4)/4. Let p(s) be the second derivative of -7*s**3/6 + s**2/2 - 8*s. What is p(a)?
15
Let o(g) = g**2 - g - 1. Let a(p) = 5*p**2 - 4*p - 2. Let f(q) = -a(q) + 3*o(q). Let x be (-8)/(-20) + 104/(-10). Let n = x - -8. Give f(n).
-11
Let w(x) = 8*x + 43. Let z(y) = 517*y - 1557. Let s be z(3). What is w(s)?
-5
Suppose 0 = -100*q + 94*q + 48. Let s(g) = 3*g + 3*g**3 - 2*g**2 - 4*g**3 - q + 10 - 3*g**2. Give s(-5).
-13
Let f(w) = w - 4. Suppose -75*q - 787 = 263. Give f(q).
-18
Let i(v) = 2 - 29*v**2 + 49*v**2 + 16*v**3 + 16*v + 10*v**2. Let b(x) = -3*x**3 - 6*x**2 - 3*x. Let z(l) = 11*b(l) + 2*i(l). Calculate z(-6).
10
Let v(b) = -3202 + 0*b + 3349 - 9*b. What is v(16)?
3
Suppose 0*d = -3*w - 4*d + 2328, 4*d = -2*w + 1548. Let t(x) = 12 + w*x + 788*x - 1567*x. Calculate t(0).
12
Let l = -4605 - -4613. Let p(u) = u**2 - 4*u - 2. What is p(l)?
30
Let g(t) = t**2 - 2*t + 1. Suppose 16 = 4*x - 0*x + 4*o, -5*x + 29 = -4*o. Suppose 177 = -5*b - h, 150 = -4*b - x*h - 0. Let z = b + 37. Give g(z).
1
Let y(h) = 18*h - 168. Let i(z) = 21*z - 1. Let s(g) = -2*i(g) + y(g). What is s(-7)?
2
Let t(x) = -x**2 + 6*x + 11. Let y = -3404 - -3411. What is t(y)?
4
Suppose 98 = 5*z + 2*u, 0 = -18*z + 12*z + 5*u + 162. Let y(v) = -v**3 + 25*